{"id":1789,"date":"2024-06-24T12:37:13","date_gmt":"2024-06-24T10:37:13","guid":{"rendered":"https:\/\/kaczmarski-legal.com.pl\/?page_id=1789"},"modified":"2025-08-21T08:45:04","modified_gmt":"2025-08-21T06:45:04","slug":"uslyszmy-sie-w-spotify","status":"publish","type":"page","link":"https:\/\/kaczmarski-legal.com.pl\/?page_id=1789","title":{"rendered":"Us\u0142yszmy si\u0119 w Spotify"},"content":{"rendered":"\n<hr class=\"wp-block-separator has-text-color has-luminous-vivid-orange-color has-alpha-channel-opacity has-luminous-vivid-orange-background-color has-background\"\/>\n\n\n\n<figure class=\"wp-block-image size-large\"><img loading=\"lazy\" decoding=\"async\" width=\"731\" height=\"1024\" src=\"https:\/\/kaczmarski-legal.com.pl\/wp-content\/uploads\/2025\/08\/Untitled-731x1024.png\" alt=\"\" class=\"wp-image-1990\" srcset=\"https:\/\/kaczmarski-legal.com.pl\/wp-content\/uploads\/2025\/08\/Untitled-731x1024.png 731w, https:\/\/kaczmarski-legal.com.pl\/wp-content\/uploads\/2025\/08\/Untitled-214x300.png 214w, https:\/\/kaczmarski-legal.com.pl\/wp-content\/uploads\/2025\/08\/Untitled-768x1075.png 768w, https:\/\/kaczmarski-legal.com.pl\/wp-content\/uploads\/2025\/08\/Untitled-1097x1536.png 1097w, https:\/\/kaczmarski-legal.com.pl\/wp-content\/uploads\/2025\/08\/Untitled-1463x2048.png 1463w, https:\/\/kaczmarski-legal.com.pl\/wp-content\/uploads\/2025\/08\/Untitled.png 1500w\" sizes=\"auto, (max-width: 731px) 100vw, 731px\" \/><\/figure>\n\n\n\n<hr class=\"wp-block-separator has-alpha-channel-opacity\"\/>\n\n\n\n<div style=\"height:40px\" aria-hidden=\"true\" class=\"wp-block-spacer\"><\/div>\n\n\n\n<p class=\"has-medium-font-size\">W ramach cyklu pt. &#8222;Subiektywny Podcast Audytora \u015aledczego&#8221; znale\u017a\u0107 mo\u017cna informacje dotycz\u0105ce r\u00f3\u017cnych aspekt\u00f3w audytu \u015bledczego oraz element\u00f3w taktyki i techniki kryminalistycznej w audycie \u015bledczym \ud83d\udd75\u200d\u2642\ufe0f \ud83d\udd75\u200d\u2640\ufe0f<\/p>\n\n\n\n<p class=\"has-medium-font-size\"><br>Jak sama nazwa skazuje, m\u00f3j podcast jest zbiorem subiektywnych opinii i pogl\u0105d\u00f3w autora \ud83d\udc68\u200d\ud83c\udf93 \ud83d\udc68\u200d\ud83c\udfa8 \ud83d\udcda , kt\u00f3re stanowi\u0105 efekt jego do\u015bwiadcze\u0144 zawodowych i badawczych.<\/p>\n\n\n\n<p class=\"has-medium-font-size\"><br>\ud83c\udfaf Celem publikacji kana\u0142u w\u0142a\u015bnie teraz jest wsparcie pracownik\u00f3w dzia\u0142\u00f3w compliance w skutecznym wdro\u017ceniu program\u00f3w zarz\u0105dzania zg\u0142oszeniami sygnalist\u00f3w w ich organizacjach \u2692<\/p>\n\n\n\n<div style=\"height:37px\" aria-hidden=\"true\" class=\"wp-block-spacer\"><\/div>\n\n\n\n<figure class=\"wp-block-embed is-type-video is-provider-spotify wp-block-embed-spotify wp-embed-aspect-16-9 wp-has-aspect-ratio\"><div class=\"wp-block-embed__wrapper\">\n<iframe title=\"Spotify Embed: Subiektywny Podcast Audytora \u015aledczego\" style=\"border-radius: 12px\" width=\"624\" height=\"351\" frameborder=\"0\" allowfullscreen allow=\"autoplay; clipboard-write; encrypted-media; fullscreen; picture-in-picture\" loading=\"lazy\" src=\"https:\/\/open.spotify.com\/embed\/show\/7ycdnzxypszaW7e6efPqIJ\/video?si=0ef4f62cc1994633&#038;utm_source=oembed\"><\/iframe>\n<\/div><\/figure>\n\n\n\n<div style=\"height:45px\" aria-hidden=\"true\" class=\"wp-block-spacer\"><\/div>\n\n\n\n<p class=\"has-medium-font-size\">Gdyby kto\u015b chcia\u0142 pos\u0142ucha\u0107 tre\u015bci publikowanych w ramach Subiektywnego Vlogu Audytora \u015aledczego w samochodzie, jad\u0105c do pracy \ud83d\udc77\u200d\u2642\ufe0f, do domu \ud83c\udfe0, na basen \ud83c\udfca\u200d\u2642\ufe0f lub trening zapas\u00f3w \ud83e\udd3c\u200d\u2640\ufe0f, albo jog\u0119 \ud83e\uddd8\u200d\u2640\ufe0f, zapraszam do pos\u0142uchania &#8222;<strong>Subiektywnego Podcastu Audytora \u015aledczego<\/strong>&#8221; w Spotify \ud83c\udfa7 <\/p>\n\n\n\n<p class=\"has-medium-font-size\">Tak\u017ce w j\u0119zyku angielskim \ud83c\udfa7 <\/p>\n\n\n\n<figure class=\"wp-block-embed is-type-video is-provider-spotify wp-block-embed-spotify wp-embed-aspect-16-9 wp-has-aspect-ratio\"><div class=\"wp-block-embed__wrapper\">\n<iframe title=\"Spotify Embed: Subjective podcast of a forensic auditor\" style=\"border-radius: 12px\" width=\"624\" height=\"351\" frameborder=\"0\" allowfullscreen allow=\"autoplay; clipboard-write; encrypted-media; fullscreen; picture-in-picture\" loading=\"lazy\" src=\"https:\/\/open.spotify.com\/embed\/show\/5XhrR1mtDqLQ5mGrIVgyg0\/video?si=a480c3b6a4f2471d&#038;utm_source=oembed\"><\/iframe>\n<\/div><\/figure>\n\n\n\n<p class=\"has-medium-font-size\">Pozosta\u0144my w kontakcie w Spotify \ud83c\udfb5<\/p>\n","protected":false},"excerpt":{"rendered":"<p>W ramach cyklu pt. &#8222;Subiektywny Podcast Audytora \u015aledczego&#8221; znale\u017a\u0107 mo\u017cna informacje dotycz\u0105ce r\u00f3\u017cnych aspekt\u00f3w audytu \u015bledczego oraz element\u00f3w taktyki i&hellip;<\/p>\n","protected":false},"author":2,"featured_media":0,"parent":0,"menu_order":0,"comment_status":"closed","ping_status":"closed","template":"","meta":{"footnotes":""},"class_list":["post-1789","page","type-page","status-publish","hentry"],"_links":{"self":[{"href":"https:\/\/kaczmarski-legal.com.pl\/index.php?rest_route=\/wp\/v2\/pages\/1789","targetHints":{"allow":["GET"]}}],"collection":[{"href":"https:\/\/kaczmarski-legal.com.pl\/index.php?rest_route=\/wp\/v2\/pages"}],"about":[{"href":"https:\/\/kaczmarski-legal.com.pl\/index.php?rest_route=\/wp\/v2\/types\/page"}],"author":[{"embeddable":true,"href":"https:\/\/kaczmarski-legal.com.pl\/index.php?rest_route=\/wp\/v2\/users\/2"}],"replies":[{"embeddable":true,"href":"https:\/\/kaczmarski-legal.com.pl\/index.php?rest_route=%2Fwp%2Fv2%2Fcomments&post=1789"}],"version-history":[{"count":6,"href":"https:\/\/kaczmarski-legal.com.pl\/index.php?rest_route=\/wp\/v2\/pages\/1789\/revisions"}],"predecessor-version":[{"id":1991,"href":"https:\/\/kaczmarski-legal.com.pl\/index.php?rest_route=\/wp\/v2\/pages\/1789\/revisions\/1991"}],"wp:attachment":[{"href":"https:\/\/kaczmarski-legal.com.pl\/index.php?rest_route=%2Fwp%2Fv2%2Fmedia&parent=1789"}],"curies":[{"name":"wp","href":"https:\/\/api.w.org\/{rel}","templated":true}]}}